j?
6
Let m(t) = 11*t + 153. What is the tens digit of m(0)?
5
Suppose p - 4*f - 132 = 0, -p - 4*f + 756 = 4*p. What is the hundreds digit of p?
1
Let k be (2 - -1)/(9/12). Let o = k + -2. Suppose 15 = o*l + l. What is the units digit of l?
5
What is the units digit of (-4)/(-10) + (-11)/((-220)/1872)?
4
Suppose -3*a - 5*w = -149, -2*a - 2*w - 184 = -5*a. What is the units digit of a?
8
Suppose 5*v = 5*y + 1325, 7*v = 4*v + 2*y + 795. What is the units digit of v?
5
Suppose -5*b = -x - 16, -b - 4*x + 8 = -3*b. What is the units digit of b?
4
Suppose -2*s + 44 = -3*y, -2*s - 5*y - 44 = -4*s. What is the units digit of s?
2
Suppose 8 = 8*c - 4*c. Suppose 2*o - c = 2*y - 8, 3*y + 2*o - 24 = 0. Let u = y + -5. What is the units digit of u?
1
Suppose 0 = 2*r + 6, -3*l + 3*r = -2*l - 13. Suppose 0 = -l*x + x + 33. What is the tens digit of x?
1
Suppose u = 5, -4*i - 4*u - 32 = -644. What is the hundreds digit of i?
1
Suppose x + 128 = 5*x. Suppose -5*m = -x - 18. What is the tens digit of m?
1
Suppose 0 = 2*n + 10, -4*n - 45 = d - 11. Let h be -6*(-3 - d/4). What is the units digit of 4/6*h/(-2)?
1
What is the tens digit of (0 - -4)/(1600/266 - 6)?
6
Let q(z) be the third derivative of 2/3*z**3 + 3*z**2 + 0 - 1/12*z**4 + 0*z. What is the units digit of q(-3)?
0
Let o(b) = -b + 5. Let k be o(-5). Suppose i = -3 + k. What is the units digit of i?
7
Let t = -5 + 3. Let y be -5*(1*-4)/t. What is the units digit of 2/(y/(-3))*5?
3
Suppose 2*m = -4*a + 52, -5*a + 5*m + 78 = 28. Let b be ((-9)/a)/(1/(-12)). Suppose -4*y = 20, -x + 4 = 2*y + b. What is the units digit of x?
5
Let n(s) = -2*s**2 + 4*s + 1. Let p be n(-3). Let z = -17 - p. What is the units digit of z?
2
Suppose 0 = -w - 6. Let g = w - -3. What is the units digit of (-1)/g*-2*-3?
2
Suppose -532 = -l - 135. What is the units digit of l?
7
Let u(v) be the third derivative of -v**6/720 + 3*v**5/40 + v**4/24 - 2*v**2. Let o(j) be the second derivative of u(j). What is the units digit of o(6)?
3
Suppose -j + 19 = 3*s - 6*s, 3*j = s + 89. What is the tens digit of j?
3
Suppose -3*f = -271 - 11. What is the units digit of f?
4
Suppose 6*d - 3*d = 4*m + 121, -4*d + 2*m = -178. Suppose -d = -3*f + 5*b, -15 = -5*f + 5*b + 70. What is the tens digit of f?
1
Suppose -6*y = -y - 10. Suppose -y*g + 2*d + 54 = 0, 3*d - 4*d + 37 = g. What is the tens digit of g?
3
Let n = -56 - -188. What is the units digit of n?
2
What is the units digit of 2*(-1 - (-256)/4)?
6
Let m be 3*21/18*-2. Let l = 5 - m. What is the units digit of l?
2
Suppose 2*t - l = 32, 0 = l + 2*l. What is the units digit of t?
6
What is the units digit of 1*((-1 - 1) + 28 + 3)?
9
Let n be (1*-1)/(4/(-16)). Let a be (-33)/((-2)/n*2). What is the units digit of (-3 + a/6)*2?
5
Suppose -8 + 5 = -3*r. Suppose 2*t = -5*h + 128 + 35, -t - r = 0. What is the tens digit of h?
3
Let h = -2 + 0. Let y = 4 + h. What is the units digit of y?
2
Let w(o) = o + 13. Let t be w(-9). Let c(d) = -3 + 0*d**2 + 5*d**2 + 2*d**2 + d**3 + t*d. What is the units digit of c(-6)?
9
Let y = 138 - 84. What is the units digit of y?
4
Let d(s) = -2 + 1 + 2 + 6*s. What is the units digit of d(1)?
7
Suppose 3*f = 3*m - 15 + 3, 2*m = -4*f - 34. Let b = f + 16. What is the units digit of b?
9
Suppose -5*q - 16 = -5*c + 4, 2*q = -5*c + 20. Let t be (-4 - -3)*(q + 1). Let a = t + 8. What is the units digit of a?
7
Suppose 5*v - 46 = 24. Let b = v + 6. What is the units digit of b?
0
Let l be -2 - 5*(-1 - 0). Suppose 0 = -3*w - b + 84, -141 = -5*w - l*b + b. What is the tens digit of w?
2
Let d(z) = z**3 - 2*z**2 - 7*z - 11. What is the units digit of d(5)?
9
Suppose 2*g = -4*v + 3*g + 16, -2*g - 8 = 0. Suppose 1 = -v*w + 13. What is the units digit of w?
4
Let b(r) be the first derivative of r**4/4 + r**2 - 3*r + 1. Let q(w) = -w**3 - 8*w**2 - 6*w + 9. Let i be q(-7). What is the units digit of b(i)?
9
Suppose 2*a + 3*z = 5*a - 6, 3*a = -4*z - 8. Suppose a = -j - 4*j + 65. What is the tens digit of j?
1
Let a = 19 + 60. What is the tens digit of a?
7
Let t(n) be the second derivative of -n**4/24 + 7*n**3/3 + n**2/2 + 2*n. Let h(a) be the first derivative of t(a). What is the units digit of h(7)?
7
Suppose -3*u + 0*u = -33. What is the tens digit of (-2)/u + (-266)/(-11)?
2
Suppose 2*g - 16 = -3*v - v, g + 16 = 4*v. Let b = v - 5. Let c = 4 + b. What is the units digit of c?
3
Let y(i) = i**3 + 7*i**2 - 3*i - 10. Let v be y(-8). Let m = v + 70. Let b = 29 - m. What is the units digit of b?
9
Let a = 2 - 2. Let y = a - -12. Suppose 4*s = -0*s + y. What is the units digit of s?
3
Let q = 3 + -4. Let j = q + -2. Let k = -1 - j. What is the units digit of k?
2
Let g be ((-12)/(-9))/(12/27). Let b(r) = 4*r**2 + 2*r - 6. What is the units digit of b(g)?
6
Let h(s) = -s**3 + 4*s**2 + 6*s. Let p(y) = -y + 2. Let n be p(-3). Let x be h(n). What is the units digit of (2/(-5))/((-1)/x)?
2
Let u(r) = -r**3 + 8*r**2 - 6*r - 10. Let n be u(7). What is the units digit of -1 + 2 + (-3)/n?
2
Let g be (-8)/(-2)*(-23)/(-4). Let x = -14 + g. What is the units digit of x?
9
Suppose -19*k = 262 - 3207. What is the tens digit of k?
5
Let s = -226 + 316. What is the tens digit of s?
9
Let n(p) = -p + 3. Let w be -1*(3 - 2) + 4. Let v be n(w). Suppose v = -s - 1 + 5. What is the units digit of s?
4
What is the hundreds digit of 74/(-4)*2/2*-12?
2
Suppose 2 = 3*h - 2*t, t - 8 = -3*h - 0. Suppose 0 = -h*o - 0*o + 2. What is the units digit of (1/(-2))/(o/(-14))?
7
Suppose 2*t - 5*l = 122 + 8, -3*l = -t + 66. What is the tens digit of t?
6
Let d be (4/2)/(0 + -2). Let x(j) = -17*j**3 + j**2 + j. What is the tens digit of x(d)?
1
Let q(h) = -h**3 - 7*h**2 - 9*h + 13. What is the tens digit of q(-8)?
4
Let b(u) = u**3 + 5*u**2 + 2*u - 2. Let l be b(-3). Let d = l + -2. What is the units digit of d?
8
Suppose -3*m + 5*f = 13, 5*f - 8 = -4*m + 2*m. What is the tens digit of 19 - 6 - (m - -1)?
1
Let m(x) = -2*x**3 + x**2 - x + 58. What is the units digit of m(0)?
8
Let g(l) = l**2 + 2*l + 2. Let y be g(-2). Suppose -3*k = -2*m - 55, 2*k + y*k - 55 = -m. What is the tens digit of k?
1
Let w = 128 - 183. Let u = w + 93. Suppose 3*z - u = 1. What is the units digit of z?
3
Let n = 7 - 3. What is the units digit of 69/6 + (-2)/n?
1
What is the units digit of (-2)/(-5) + 48/5?
0
Suppose -5*y = -y - 2*l - 430, -5*y + l = -533. What is the tens digit of y?
0
Suppose h = -3*h + 276. What is the units digit of h?
9
Suppose -2*d - d - 2*o + 39 = 0, d - 3 = -4*o. Suppose 3*u = 2*p + 21, -2*u + 0*p + p + d = 0. What is the units digit of u?
9
Suppose 5*f - 80 = -5*a, 68 = 4*a - 3*f - 3. Let n = 24 - a. What is the units digit of n?
7
Suppose 20 = -4*d - 3*c, 0*c + 16 = -4*d - 4*c. Let z = 17 + d. What is the units digit of z?
9
What is the units digit of (-458)/(-12)*2 + 6/9?
7
Let j = -13 - -19. Suppose -j - 2 = -2*q. Suppose 4*p + 0 = q. What is the units digit of p?
1
Let m = 74 + -59. What is the units digit of m?
5
Let b be ((-2)/(-4))/(9/342). Let i = 38 - b. What is the tens digit of i?
1
Let q be (2 + -3)/(1/(-5)). Suppose -q*z + d = -24, 4 = d + 3*d. Suppose -z*w + 29 = -61. What is the units digit of w?
8
Let u be (28/(-8))/((-2)/4). Let w(c) = -c**3 + 8*c**2 - 6*c - 1. Let i be w(u). Let x = i + -4. What is the units digit of x?
2
Let p be 2/(-1 - (-6)/3). What is the tens digit of p/(((-4)/(-13))/2)?
1
Suppose 3*f = -2*f + 2*i + 24, 2*i = -5*f + 16. Suppose x - f*y - y = 14, 0 = 3*x + y + 22. Let o = 19 + x. What is the tens digit of o?
1
Let d(t) = 5*t**3 - 7*t**2 - 5*t + 16. Let h(z) = -z**3 + z**2 + z - 1. Let i(a) = d(a) + 6*h(a). What is the tens digit of i(0)?
1
Suppose 85 - 309 = -4*w. What is the units digit of 6/(-18) - w/(-6)?
9
Let w(t) = t - 2*t - t**2 + 8*t**2. Suppose -o + 2*r = -4*o - 5, 6 = -2*o - 2*r. What is the units digit of w(o)?
6
Let m(s) = 3*s - 9. Let o be m(4). Suppose -4*f = -2*q - q + 86, o*q - 5*f = 88. What is the tens digit of q?
2
Suppose 3*d + 15 = 0, 5*h + 2*d + 5 = d. Suppose -3*v = x - 8, -x + h*v - 4*v = -5. What is the units digit of x?
7
Suppose 4*x + 3*l = -27, -25 + 10 = 3*l. What is the units digit of -1*(3 + 1)*x?
2
Suppose -1040 = -11*f + 1358. What is the hundreds digit of f?
2
Let u(d) = d**3 + 7*d**2 - 3*d - 7. What is the tens digit of u(-7)?
1
Let v = -41 - -8